t is the remainder when (-3 + l)*(-148)/(-6) is divided by 25?
24
Suppose 5*p - 79 = 16. Suppose 6*i - 169 = 2*i - 5*c, -2*c + 10 = 0. What is the remainder when i is divided by p?
17
Suppose -4*p - 199 = -527. Calculate the remainder when p is divided by 12.
10
Let l(t) = -2*t + 10. Let i be l(11). Let w = 41 + i. Let g = w - 21. Calculate the remainder when g is divided by 5.
3
Suppose -6*d = -2*d - 16. Suppose 27 + 33 = d*g. Calculate the remainder when g is divided by 3.
0
Let o = -5 - -6. Suppose 2*j = -2*n + 14, 2*j - 3*j - o = -n. What is the remainder when 15 is divided by n?
3
Let o be (-1 - -2)/(-1) - -7. Suppose -n = 5*m + 5, -4*n = 3*m + 65 + o. What is the remainder when 8 is divided by 2/8 - 95/n?
3
Suppose 0 = -9*t + 5*t + 172. Calculate the remainder when t is divided by 23.
20
Let o = 44 - 32. Calculate the remainder when 44 is divided by o.
8
Let b(u) = 12*u - 3. Calculate the remainder when b(6) is divided by 18.
15
Let l = 145 - 134. What is the remainder when 87 is divided by l?
10
Suppose 4*p = -3 + 15. Calculate the remainder when 31 is divided by 27/p + -1 + 3.
9
Suppose -37*z = -38*z + 37. What is the remainder when z is divided by 13?
11
Let p(o) = 5*o**2. Suppose 0 = -h + 6*h - 45. What is the remainder when h is divided by p(1)?
4
Suppose 3*k - 76 = 83. What is the remainder when k is divided by (-3*14/(-3))/1?
11
Let y = -13 + 34. What is the remainder when y is divided by 5?
1
Let r(x) = 2*x**2 + 14*x - 3. Let u be r(-10). What is the remainder when 46 is divided by -3*1 - u/(-3)?
14
Let n = 9 - -8. Calculate the remainder when 31 is divided by n.
14
Let p(x) = 20*x**2 - 1. Let a(b) = -b**3 - 7*b**2 - 6*b + 7. What is the remainder when p(1) is divided by a(-6)?
5
Let p be (1/2)/((-13)/(-416)). Suppose 0 = -r + 12 + p. Calculate the remainder when r is divided by 10.
8
Let z(t) = t**2 + 5*t + 9. Let f be (82/3)/((-1)/(-3)). Let o = 124 - f. What is the remainder when o is divided by z(-6)?
12
Suppose 2*t + t + 6 = 0. Let u = t + 3. What is the remainder when (u + (-2 - -2))*18 is divided by 10?
8
Suppose -p + 1 = -2*j + 4, -3 = -j + p. Calculate the remainder when 23 is divided by (-12)/(-3)*(2 + j).
7
Let w(z) = -z**2 + 4*z + 13. What is the remainder when 3 is divided by w(-2)?
0
Suppose -2*w = -6*w + 3*h + 172, -4*h + 144 = 4*w. What is the remainder when w is divided by 14?
12
Suppose 27 = 4*i - o, -5*i - o + 34 = -2*o. Suppose -i = -4*g + 9. Suppose r + 0 = 4*b - 48, 5*r + 20 = 0. What is the remainder when b is divided by g?
3
Calculate the remainder when 24 is divided by 2*(-2 + (-39)/(-6)).
6
Let f = -6 - -13. Calculate the remainder when f is divided by 5.
2
Let o = 11 + 3. What is the remainder when 26 is divided by o?
12
Suppose -4*t - t = -65. Calculate the remainder when 50 is divided by t.
11
Let k(i) = -2*i - 16. What is the remainder when 9 is divided by k(-11)?
3
Suppose 0 = -3*n + 9*n - 138. What is the remainder when n is divided by 6?
5
Suppose -5*j = -25 - 10. Let o be (-2)/5 - j/(-5). What is the remainder when 7 is divided by 1 - -1*(o - 0)?
1
Suppose 2*w = -2, -5*w + 5 = r - 0*w. What is the remainder when 18 is divided by r?
8
Let q(t) = 5*t + 3. Calculate the remainder when q(3) is divided by 7.
4
Let x be ((-29)/(-2))/(6/36). Suppose 2*a - x = -a. Calculate the remainder when a is divided by 11.
7
Let i = 53 + -6. Suppose 2*w - 58 = -2*d, 0 = -2*d - 4*w + 2 + 64. What is the remainder when i is divided by d?
22
Suppose -2*q - 16 = -2*s, -44 - 6 = -5*s - 5*q. Suppose y - 10 = -y. What is the remainder when s is divided by y?
4
Suppose 0 = -8*u + 12*u - 40. What is the remainder when 38 is divided by u?
8
Suppose -3*v + 2 = 2*y + 22, -2*y = 2*v + 16. Let f be 855/21 - v/14. Suppose -2*u + f = -w, 2*u - 40 - 11 = -w. What is the remainder when u is divided by 8?
7
Let h(u) = -3*u**2 - 2. Let s be h(3). Let v = s - -42. What is the remainder when 51 is divided by v?
12
Suppose 0 = 3*p - 4*b - 151, -4*p + 2*b + 2*b + 200 = 0. Calculate the remainder when p is divided by 26.
23
Let f = -146 - -189. Calculate the remainder when 168 is divided by f.
39
Suppose p + 4 = x, -2*x = -4*x - 5*p + 1. Suppose -x*q + 5*q - 38 = 0. Let k = q - 10. Calculate the remainder when 17 is divided by k.
8
Let g = 8 + -6. Suppose g*c - c = 28. What is the remainder when c is divided by 1/3 + 29/3?
8
Suppose -5*v + 92 = -33. Suppose -2*h = -5 - 3. Let g(s) = -s**3 + 6*s**2 - 5*s - 3. What is the remainder when v is divided by g(h)?
7
Let v = 106 + -62. What is the remainder when v is divided by 24?
20
Let n be ((-1)/1)/(-1) + 7. Let a(o) = o**3 - 7*o**2 - 6*o - 3. What is the remainder when 25 is divided by a(n)?
12
Let v = -57 - -84. Suppose 0 = -5*b - 15, -5*u - 19 = -5*b - 4. Let n = v + u. Calculate the remainder when n is divided by 11.
10
Calculate the remainder when (-86 + 1)*(-20)/50 is divided by 9.
7
Suppose -6 = -l - 2. Suppose 19 = -l*s + s - 5*q, -21 = 2*s + 5*q. Suppose -9 = -s*u - o, -3*o + 4*o + 5 = 0. Calculate the remainder when 20 is divided by u.
6
Let o be 0 + 2 - 0 - -4. Suppose -o*w + 48 = -3*w. Calculate the remainder when 31 is divided by w.
15
Let y(a) = -22*a**3 + 1 + 0 - 11*a + 13*a. What is the remainder when 81 is divided by y(-1)?
18
Let d be 5*(-4)/5*-1. Let z(b) = 6*b**2 - 3*b + 2. What is the remainder when z(d) is divided by 22?
20
Let i = 44 + -8. What is the remainder when i is divided by 19?
17
Let u be (-6)/(-4)*8/6. Suppose u = 3*r - 10. Suppose -2*x = -4*m - 68, -r*x + 2*m + 118 = -0*m. Calculate the remainder when x is divided by 15.
13
Calculate the remainder when 6/2 - (-9 + 0)*3 is divided by 4.
2
Let i(l) be the second derivative of l**3/2 + l**2/2 - l. Let u be i(-1). What is the remainder when (39/12 + u)*8 is divided by 6?
4
Suppose 2*j = -3*v - 13, -5*v - 20 = -5*j - 2*v. Let r be 2 - -1 - (-2 + j). Suppose -8 - 48 = -r*l. Calculate the remainder when 41 is divided by l.
13
Let f = 11 - 9. Suppose 4*y + 5*n - 28 = 0, -f*n + 68 = 5*y - 4*n. Let q(l) = 8*l - 1. What is the remainder when y is divided by q(1)?
5
Let y = 18 + -28. What is the remainder when 8 is divided by (0 + -2)*y/4?
3
Let h = -6 + 8. Suppose -2*f + 3*r = 13, f - r - r + 9 = 0. What is the remainder when h is divided by (f/(-1))/((-5)/5)?
0
Suppose 5*r + 43 = -6*c + 4*c, 0 = -3*r + c - 17. Let k = 22 + r. What is the remainder when 29 is divided by k?
14
Suppose -20*o = -14*o - 78. What is the remainder when 89 is divided by o?
11
Suppose -t = -0*t - 26. What is the remainder when t is divided by 9?
8
Suppose 5*u - 40 = 3*u. Calculate the remainder when 2 + -2 + u - 1 is divided by 5.
4
Calculate the remainder when 10 is divided by ((-10)/(-15))/(2/9).
1
Let c(s) = -s**3 - s**2 - s + 26. What is the remainder when 75 is divided by c(0)?
23
Let q be 654/(-27) + (-2)/(-9). What is the remainder when 35 is divided by (q/2)/(4/(-6))?
17
Let z(o) = 2*o + 2. Let h be z(2). Suppose c = h*c - 115. Suppose -12 = -d - 0*d. Calculate the remainder when c is divided by d.
11
What is the remainder when (-1 - -1)*3/6 + 96 is divided by 49?
47
Let u(d) = -2*d**3. Let v be u(1). Let a = 8 + v. Calculate the remainder when a is divided by 156/26*(-2 - (-24)/9).
2
Suppose -2*n = -n - 5*x - 16, 5*n = 3*x + 190. Calculate the remainder when n is divided by 14.
13
Suppose 3*g + v - 28 = -0*v, -3*g + 3*v = -48. What is the remainder when g is divided by 2?
1
Suppose 28 = 5*k - 3*k. Let m = 5 + -1. What is the remainder when 2/m + (-105)/(-2) is divided by k?
11
Let z(x) = -x**3 + 5*x**2 - 2. Let m be z(5). What is the remainder when (1/m)/(3/(-108)) is divided by 5?
3
Suppose -84 = -3*r - 27. Suppose -5*m + 58 - 3 = 0. Calculate the remainder when r is divided by m.
8
Let r(w) = 3*w + 5 + 12 - 21. What is the remainder when 13 is divided by r(3)?
3
Suppose c = 6*c - 55. What is the remainder when 6/12 + 118/4 is divided by c?
8
Let s(b) = -b**3 + 2*b**2 + 7*b - 1. Calculate the remainder when s(3) is divided by 6.
5
Suppose -7*u - 43 + 71 = 0. Let l(g) = 4*g**2 + 3*g + 1. What is the remainder when l(-2) is divided by u?
3
Suppose 2*u = 5*q - 4, 5*u - 2 = -5*q + 23. Suppose -q*t + 0*t = -28. What is the remainder when 26 is divided by t?
12
Suppose -j = 2*g + 3, -17 = -3*j - g - 6. What is the remainder when 34 is di